-11?
-2221212
In base 16, what is -9ab + 3?
-9a8
In base 4, what is 10311 - -131?
11102
In base 5, what is -11 + 324?
313
In base 3, what is -1 - -121?
120
In base 14, what is -55 + 8?
-4b
In base 15, what is -2 + 253?
251
In base 3, what is -1010122 - 1?
-1010200
In base 15, what is 223 - -45?
268
In base 7, what is 4 - -33?
40
In base 15, what is 2083 - -5?
2088
In base 2, what is -1100101010011 - 1?
-1100101010100
In base 14, what is -7 - -7?
0
In base 16, what is 1 + -63?
-62
In base 10, what is -916 - 3?
-919
In base 4, what is 3 + 20023?
20032
In base 10, what is 26 + -290?
-264
In base 3, what is 0 - 200112?
-200112
In base 11, what is 3 - -42?
45
In base 5, what is 12 + 2?
14
In base 14, what is 7 + -1?
6
In base 7, what is -33 - -362?
326
In base 13, what is 174 - 3?
171
In base 12, what is -1 - a13?
-a14
In base 15, what is -1a6d + -4?
-1a72
In base 2, what is 110 + -1101001?
-1100011
In base 2, what is -10000 - 10000?
-100000
In base 11, what is -86 - -15?
-71
In base 10, what is -390 + 5?
-385
In base 16, what is -14a + -1?
-14b
In base 4, what is 23200 - 10?
23130
In base 16, what is -8 - 120?
-128
In base 6, what is -1 - 132?
-133
In base 11, what is -3a2 - 4?
-3a6
In base 3, what is 10 + 11010?
11020
In base 5, what is -2 - 12442?
-12444
In base 3, what is 10 - 2200?
-2120
In base 5, what is -10 + 4442?
4432
In base 9, what is -14700 - 5?
-14705
In base 10, what is 1 + 177?
178
In base 9, what is 4 - -137?
142
In base 12, what is -2 - 3?
-5
In base 2, what is -10100001 - -1?
-10100000
In base 5, what is 10 - 10?
0
In base 3, what is -2 + 2110?
2101
In base 2, what is 11 + -1010100010011?
-1010100010000
In base 11, what is 8 - -a?
17
In base 9, what is 81 + -357?
-266
In base 5, what is 14 + -33?
-14
In base 5, what is 2 + 1033?
1040
In base 5, what is -12 - -12?
0
In base 4, what is 2 + 1120?
1122
In base 4, what is -10 + 33030?
33020
In base 5, what is 22 - 41?
-14
In base 3, what is 20 + 22?
112
In base 5, what is 1030101 + -1?
1030100
In base 11, what is -173 - -3?
-170
In base 7, what is 2 - 6536?
-6534
In base 8, what is -115 + 2?
-113
In base 5, what is -14333 + -10?
-14343
In base 7, what is -5 - 32?
-40
In base 15, what is -e6 + -2c?
-123
In base 5, what is 43310 - 2?
43303
In base 6, what is 21 - 243?
-222
In base 4, what is 10 - -3302?
3312
In base 2, what is -11111000010111 - 1?
-11111000011000
In base 5, what is 1 + 14401?
14402
In base 13, what is -b - 57?
-65
In base 11, what is -244 - -7?
-238
In base 15, what is -17 - -3?
-14
In base 11, what is -3 + -16?
-19
In base 11, what is 137 + -13?
124
In base 11, what is 399 - -27?
415
In base 16, what is -2 + -1c?
-1e
In base 15, what is -2 + -16?
-18
In base 7, what is 1635 - -5?
1643
In base 14, what is -a2 + 4?
-9c
In base 14, what is -a - -b1?
a5
In base 4, what is -1 + 102102?
102101
In base 4, what is 11 - 3?
2
In base 14, what is 6 + -6c?
-66
In base 4, what is 202 - -20?
222
In base 12, what is -2 + 57?
55
In base 14, what is 3 + -60?
-5b
In base 4, what is 1221 - 1203?
12
In base 11, what is 1 + 67?
68
In base 15, what is 23 - -1?
24
In base 12, what is -4a1 + -8?
-4a9
In base 5, what is -44400 - 3?
-44403
In base 4, what is 11 - 32001?
-31330
In base 3, what is 112010 - 10101?
101202
In base 8, what is -175 + -103?
-300
In base 9, what is 7 - 11?
-3
In base 11, what is 0 + 63?
63
In base 12, what is -3 + 619?
616
In base 10, what is -44 + 2?
-42
In base 10, what is 481 + 2?
483
In base 4, what is -31232101 + 3?
-31232032
In base 12, what is 839 + 0?
839
In base 4, what is 3302 + 1011?
10313
In base 8, what is 1 - -126?
127
In base 8, what is -3 + -3?
-6
In base 12, what is 4 - 350?
-348
In base 15, what is -5 - 4c?
-52
In base 7, what is 1 + 2021?
2022
In base 15, what is 3e - -5?
44
In base 2, what is 11010 + 1111111?
10011001
In base 10, what is -6 - -1005?
999
In base 5, what is -201221 - 4?
-201230
In base 3, what is 101 + -1211222?
-1211121
In base 8, what is 245 + -3?
242
In base 12, what is -32 - 8?
-3a
In base 2, what is -1000 + 10111010?
10110010
In base 14, what is -2 + -18?
-1a
In base 11, what is -5 + -849?
-853
In base 6, what is -11 - -2114?
2103
In base 5, what is 12023 - 3?
12020
In base 14, what is 33 - 35?
-2
In base 5, what is -303 - -130?
-123
In base 12, what is -135 + -1?
-136
In base 6, what is 0 - -43?
43
In base 11, what is 479 + -3?
476
In base 8, what is 134 + 3?
137
In base 13, what is 3 - 40?
-3a
In base 9, what is 7476 - -2?
7478
In base 3, what is -1 + -20200?
-20201
In base 10, what is -2 - 319?
-321
In base 7, what is -132 + 20?
-112
In base 10, what is 18 + -50?
-32
In base 16, what is -81 + 19?
-68
In base 2, what is -11 + 111101001?
111100110
In base 11, what is 1 + -3a?
-39
In base 12, what is 0 - 18?
-18
In base 2, what is -1100101 - 100?
-1101001
In base 15, what is 66e - 4?
66a
In base 9, what is -5 + -188?
-204
In base 6, what is -2 + -1413?
-1415
In base 16, what is 1 + 60?
61
In base 7, what is -40554 + 5?
-40546
In base 5, what is -3 + 2142?
2134
In base 8, what is 2631 - -1?
2632
In base 8, what is -3 - -16642?
16637
In base 2, what is -100 - 110011?
-110111
In base 9, what is 2771 - -4?
2775
In base 9, what is 1811 - 0?
1811
In base 3, what is 10 + -100?
-20
In base 6, what is -4 + -41?
-45
In base 8, what is 52 + -103?
-31
In base 4, what is 3 - -201321?
201330
In base 4, what is 1002030 - 0?
1002030
In base 2, what is 1001111 - 1?
1001110
In base 5, what is -3 - -113?
110
In base 6, what is 1 + -355?
-354
In base 10, what is -64 - 29?
-93
In base 3, what is -210 + -100012?
-100222
In base 12, what is -4 - 62?
-66
In base 15, what is -1 - -41?
40
In base 12, what is 85 + -3?
82
In base 5, what is -40 - 1?
-41
In base 12, what is -b7 + 19?
-9a
In base 16, what is -2 - 8?
-a
In base 6, what is -2452 + 14?
-2434
In base 8, what is 672 + 0?
672
In base 8, what is -21 + -1044?
-1065
In base 15, what is -14 + -87?
-9b
In base 10, what is -236 - 9?
-245
In base 12, what is 682 + -5?
679
In base 8, what is -3 - -102?
77
In base 14, what is -4 - -25?
21
In base 13, what is -43 + -b?
-51
In base 3, what is 100 - -1010211?
1011011
In base 11, what is 6 + 9?
14
In base 4, what is 201 - -23302?
30103
In base 11, what is 470 + 2?
472
In base 9, what is -1212 - -8?
-1203
In base 5, what is 2134 + 11?
2200
In base 9, what is 1 + -178?
-177
In base 8, what is -20 + -46?
-66
In base 9, what is 4 + 347?
352
In base 4, what is 112 - -2?
120
In base 11, what is 134 - -23?
157
In base 13, what is 11 - -1c?
30
In base 11, what is 30 - -2?
32
In base 10, what is 85 + -7?
78
In base 16, what is -b0f - 3?
-b12
In base 7, what is 1 - 651?
-650
In base 15, what is -34 + -2?
-36
In base 13, what is 1 + -7a?
-79
In base 14, what is 6 - 95?
-8d
In base 12, what is -44 + 0?
-44
In base 3, what is -22 + 111?
12
In base 3, what is -100102 + 2?
-100100
In base 14, what is -3 + -4a?
-4d
In base 6, what is -1 + -1530?
-1531
In base 12, what is -16 + -10?
-26
In base 9, what is 3 - -1541?
1544
In base 15, what is b + 221?
22c
In base 3, what is 211 - -11?
222
In base 4, what is -1 + 112000?
111333
In base 13, what is 1 - 35a?
-359
In base 12, what is 130 - -18?
148
In base 6, what is -2 + 44?
42
In base 15, what is -66 - -3?
-63
In base 6, what is 2 + 44?
50
In base 12, what is -2aa8 + 0?
-2aa8
In base 14, what is -5a3 + 0?
-5a3
In base 6, what is 0 - -204?
204
In base 12, what is -1b + -47?
-66
In base 7, what is 3061 + 3?
3064
In base 13, what is -1 + -a6?
-a7
In base 5, what is 20340 - 0?
20340
In base 6, what is -115 + 4?
-111
In base 11, what is -350 + 17?
-334
In base 5, what is 10344 + -4?
10340
In base 7, what is -30 + -10?
-40
In base 9, what is 1 + 51?
52
In base 10, what is -5 - -462?
457
In base 2, what is -10 + -110010?
-110100
In base 13, what is 6 + -121?
-118
In base 3, what is 0 - 10100210?
-10100210
In base 4, what is 31 - 1033?
-1002
In base 4, what is -101 - -20?
-21
In base 8, what is 25 - 2?
23
In base 3, what is -12 - -22?
10
In base 11, what is -53 + 6?
-48
In base 10, what is -824 - -5?
-819
In base 14, what is a + 4?
10
In base 4, what is 2132 - -22?
2220
In base 9, what is -1 - -6?
5
In base 16, what is 5 - -648?
64d
In base 3, what is -2 + -2222?
-10001
In base 5, what is -1 + -130401?
-130402
In base 6, what is 21 + 2